{"id":336,"date":"2015-09-10T20:58:40","date_gmt":"2015-09-10T20:58:40","guid":{"rendered":"http:\/\/exposec.tmp.br\/16\/?page_id=336"},"modified":"2020-08-26T13:55:15","modified_gmt":"2020-08-26T13:55:15","slug":"duvidas-frequentes-visitantes","status":"publish","type":"page","link":"https:\/\/tubotech.com.br\/16\/duvidas-frequentes-visitantes\/","title":{"rendered":"D\u00favidas Frequentes"},"content":{"rendered":"<p><section id=\"bt_section69f071d730e0e\"  class=\"boldSection inherit\" ><div class=\"port\"><div class=\"boldCell\"><div class=\"boldCellInner\"><div class=\"boldRow \" ><div class=\"boldRowInner\"><div class=\"rowItem col-md-12 col-ms-12  btTextCenter inherit\"  ><div class=\"rowItemContent\" ><div class=\"bt_bb_separator_v2 bt_bb_border_style_none bt_bb_top_spacing_medium bt_bb_icon_size_normal bt_bb_text_size_normal bt_bb_separator_v2_without_content\" data-bt-override-class=\"null\"><div class=\"bt_bb_separator_v2_inner\"><span class=\"bt_bb_separator_v2_inner_before\"><\/span><span class=\"bt_bb_separator_v2_inner_content\"><span  data-ico-=\"\" class=\"bt_bb_icon_holder\"><\/span><\/span><span class=\"bt_bb_separator_v2_inner_after\"><\/span><\/div><\/div><header class=\"header btClear large btDash bottomDash  btNormalDash\" ><div class=\"dash\"><h2><span class=\"headline\">VISITANTES &#8211; <b class=\"animate\">D\u00daVIDAS FREQUENTES<\/b><\/span><\/h2><\/div><\/header><\/div><\/div><\/div><\/div><\/div><\/div><\/div><\/section><section id=\"bt_section69f071d7311eb\"  class=\"boldSection gutter inherit\" ><div class=\"port\"><div class=\"boldCell\"><div class=\"boldCellInner\"><div class=\"boldRow \" ><div class=\"boldRowInner\"><div class=\"rowItem col-md-12 col-ms-12  btTextLeft inherit\"  ><div class=\"rowItemContent\" ><div class=\"bt_bb_separator_v2 bt_bb_border_style_none bt_bb_top_spacing_small bt_bb_icon_size_normal bt_bb_text_size_normal bt_bb_separator_v2_without_content\" data-bt-override-class=\"null\"><div class=\"bt_bb_separator_v2_inner\"><span class=\"bt_bb_separator_v2_inner_before\"><\/span><span class=\"bt_bb_separator_v2_inner_content\"><span  data-ico-=\"\" class=\"bt_bb_icon_holder\"><\/span><\/span><span class=\"bt_bb_separator_v2_inner_after\"><\/span><\/div><\/div><div class=\"btText\" ><div class=\"hrf-faq-list\">\n<article class=\"hrf-entry\" id=\"hrf-entry-1919\">\n<h3 class=\"hrf-title close-faq\" data-content-id=\"hrf-content-1919\"><span><\/span>1. Recebi minha credencial antecipada. Preciso fazer o credenciamento no local?<\/h3>\n<div class=\"hrf-content\" id=\"hrf-content-1919\">\n<p>N\u00e3o. A credencial antecipada permite entrar no evento sem a necessidade de fazer novo cadastro no balc\u00e3o de credenciamento.<\/p>\n<\/div>\n<\/article>\n<article class=\"hrf-entry\" id=\"hrf-entry-1920\">\n<h3 class=\"hrf-title close-faq\" data-content-id=\"hrf-content-1920\"><span><\/span>2. N\u00e3o recebi minha credencial pelos correios, como devo proceder?<\/h3>\n<div class=\"hrf-content\" id=\"hrf-content-1920\">\n<p>Caso n\u00e3o receba a sua credencial at\u00e9 o dia do evento, voc\u00ea poder\u00e1 efetuar o seu pr\u00e9-credenciamento gratuito no site do evento e imprimir a sua credencial nos totens de autoatendimento disponibilizados na entrada da feira.<\/p>\n<\/div>\n<\/article>\n<article class=\"hrf-entry\" id=\"hrf-entry-1921\">\n<h3 class=\"hrf-title close-faq\" data-content-id=\"hrf-content-1921\"><span><\/span>3. Posso fazer o credenciamento no local do evento?<\/h3>\n<div class=\"hrf-content\" id=\"hrf-content-1921\">\n<p>Sim, por\u00e9m, para facilitar a sua entrada, recomendamos que efetue o seu pr\u00e9-credenciamento pelo site. Assim, poder\u00e1 emitir a sua credencial por meio dos totens de autoatendimento localizados na entrada da feira.<\/p>\n<\/div>\n<\/article>\n<article class=\"hrf-entry\" id=\"hrf-entry-1922\">\n<h3 class=\"hrf-title close-faq\" data-content-id=\"hrf-content-1922\"><span><\/span>4. \u00c9 permitida a entrada de menores de idade?<\/h3>\n<div class=\"hrf-content\" id=\"hrf-content-1922\">\n<p>Por quest\u00f5es de seguran\u00e7a n\u00e3o \u00e9 permitida a entrada de menores de 16 anos, com exce\u00e7\u00e3o de beb\u00eas lactantes\u00a0com at\u00e9 1 ano.<\/p>\n<\/div>\n<\/article>\n<article class=\"hrf-entry\" id=\"hrf-entry-1923\">\n<h3 class=\"hrf-title close-faq\" data-content-id=\"hrf-content-1923\"><span><\/span>5. Posso entrar no evento trajando regata, chinelo ou bermuda?<\/h3>\n<div class=\"hrf-content\" id=\"hrf-content-1923\">\n<p>N\u00e3o. Recomendamos a utiliza\u00e7\u00e3o de roupas e cal\u00e7ados fechados para visitar a feira.<\/p>\n<\/div>\n<\/article>\n<article class=\"hrf-entry\" id=\"hrf-entry-1924\">\n<h3 class=\"hrf-title close-faq\" data-content-id=\"hrf-content-1924\"><span><\/span>6. \u00c9 permitida a entrada de estudantes?<\/h3>\n<div class=\"hrf-content\" id=\"hrf-content-1924\">\n<p>Sim, \u00e9 permitida a entrada de estudante, respeitando a restri\u00e7\u00e3o de idade m\u00ednima de 16 anos.<\/p>\n<\/div>\n<\/article>\n<article class=\"hrf-entry\" id=\"hrf-entry-1925\">\n<h3 class=\"hrf-title close-faq\" data-content-id=\"hrf-content-1925\"><span><\/span>7. Como fa\u00e7o para chegar ao evento?<\/h3>\n<div class=\"hrf-content\" id=\"hrf-content-1925\">\n<p><strong>Transporte Gratuito:<\/strong> O Evento disponibiliza Vans, 1 hora antes at\u00e9 1 hora depois do funcionamento da feira. Sa\u00edda da Esta\u00e7\u00e3o de Metr\u00f4\u00a0<strong>Santos-Imigrantes<\/strong> \u2013 Rua Engenheiro Guilherme Winter, s\/n \u2013 Cursino, S\u00e3o Paulo \u2013 SP, 04124020.<\/p>\n<p>Acesse nossas Redes Sociais para conferir o endere\u00e7o atualizado de embarque.<\/p>\n<p><strong>Taxi:<\/strong>\u00a0Centrais de taxi ser\u00e3o disponibilizadas nos per\u00edodos de feira. A partir da esta\u00e7\u00e3o do metr\u00f4, pode-se tomar um taxi at\u00e9 o S\u00e3o Paulo Expo.<\/p>\n<p>Para mais informa\u00e7\u00f5es, <u><a href=\"http:\/\/tubotech.com.br\/16\/data-e-local\/\">clique aqui<\/a><\/u><\/p>\n<\/div>\n<\/article>\n<article class=\"hrf-entry\" id=\"hrf-entry-1926\">\n<h3 class=\"hrf-title close-faq\" data-content-id=\"hrf-content-1926\"><span><\/span>8. O evento possui estacionamento no local?<\/h3>\n<div class=\"hrf-content\" id=\"hrf-content-1926\">\n<p>Sim, o evento possui estacionamento para mais de 4.500 ve\u00edculos. A tabela com os pre\u00e7os oficiais est\u00e1 dispon\u00edvel no site <a href=\"https:\/\/www.saopauloexpo.com.br\/pt\/estacionamento\/\" target=\"_blank\">www.saopauloexpo.com.br<\/a>.<\/p>\n<\/div>\n<\/article>\n<article class=\"hrf-entry\" id=\"hrf-entry-1927\">\n<h3 class=\"hrf-title close-faq\" data-content-id=\"hrf-content-1927\"><span><\/span>9. Eu recebo um Certificado de Participa\u00e7\u00e3o?<\/h3>\n<div class=\"hrf-content\" id=\"hrf-content-1927\">\n<p>N\u00e3o ser\u00e3o emitidos Certificado de Participa\u00e7\u00e3o para os visitantes do evento.<\/p>\n<\/div>\n<\/article>\n<article class=\"hrf-entry\" id=\"hrf-entry-1928\">\n<h3 class=\"hrf-title close-faq\" data-content-id=\"hrf-content-1928\"><span><\/span>10. Haver\u00e1 guarda-volumes no local?<\/h3>\n<div class=\"hrf-content\" id=\"hrf-content-1928\">\n<p class=\"p1\"><span class=\"s1\">Sim. O evento disponibilizar\u00e1 guarda-volumes localizado na entrada da feira.<\/span><\/p>\n<p class=\"p1\"><span class=\"s1\">Todos os expositores e visitantes podem utilizar os servi\u00e7os do Guarda-volumes para guardar seus pertences e circular pela feira com toda praticidade e conforto.<\/span><\/p>\n<p class=\"p1\"><span class=\"s1\"><b>Valor:<\/b> R$ 3o,00 (trinta reais) por volume.<\/span><\/p>\n<p class=\"p1\"><span class=\"s1\"><b>Forma de Pagamento:<\/b> Pix, Dinheiro, Cart\u00e3o de D\u00e9bito ou Cr\u00e9dito.<\/span><\/p>\n<p class=\"p1\"><span class=\"s1\"><b>Ser\u00e3o aceitas:<\/b>\u00a0Bolsas, mochilas e malas.<\/span><\/p>\n<p class=\"p1\"><span class=\"s1\"><b>N\u00e3o ser\u00e3o\u00a0permitidas:<\/b>\u00a0Carteiras e bolsas de m\u00e3o soltas por medida de seguran\u00e7a.<\/span><\/p>\n<p class=\"p1\"><span class=\"s1\"><b>Hor\u00e1rio de funcionamento do Guarda-volumes:<\/b>\u00a0das\u00a0<strong>09h \u00e0s 18h30 <\/strong><\/span>(todos os dias);<\/p>\n<p>&nbsp;<\/p>\n<\/div>\n<\/article>\n<article class=\"hrf-entry\" id=\"hrf-entry-1929\">\n<h3 class=\"hrf-title close-faq\" data-content-id=\"hrf-content-1929\"><span><\/span>11. Existem caixas eletr\u00f4nicos no local?<\/h3>\n<div class=\"hrf-content\" id=\"hrf-content-1929\">\n<p>N\u00e3o, este servi\u00e7o n\u00e3o est\u00e1 dispon\u00edvel no local.<\/p>\n<\/div>\n<\/article>\n<article class=\"hrf-entry\" id=\"hrf-entry-1930\">\n<h3 class=\"hrf-title close-faq\" data-content-id=\"hrf-content-1930\"><span><\/span>12. O local possui acesso \u00e0 internet e tomadas?<\/h3>\n<div class=\"hrf-content\" id=\"hrf-content-1930\">\n<p>N\u00e3o, estes servi\u00e7os n\u00e3o est\u00e3o dispon\u00edveis no local.<\/p>\n<\/div>\n<\/article>\n<\/div>\n<\/div><div class=\"bt_bb_separator_v2 bt_bb_border_style_none bt_bb_top_spacing_normal bt_bb_icon_size_normal bt_bb_text_size_normal bt_bb_separator_v2_without_content\" data-bt-override-class=\"null\"><div class=\"bt_bb_separator_v2_inner\"><span class=\"bt_bb_separator_v2_inner_before\"><\/span><span class=\"bt_bb_separator_v2_inner_content\"><span  data-ico-=\"\" class=\"bt_bb_icon_holder\"><\/span><\/span><span class=\"bt_bb_separator_v2_inner_after\"><\/span><\/div><\/div><\/div><\/div><\/div><\/div><\/div><\/div><\/div><\/section><\/p>\n","protected":false},"excerpt":{"rendered":"","protected":false},"author":2,"featured_media":0,"parent":0,"menu_order":0,"comment_status":"closed","ping_status":"open","template":"","meta":[],"aioseo_notices":[],"_links":{"self":[{"href":"https:\/\/tubotech.com.br\/16\/wp-json\/wp\/v2\/pages\/336"}],"collection":[{"href":"https:\/\/tubotech.com.br\/16\/wp-json\/wp\/v2\/pages"}],"about":[{"href":"https:\/\/tubotech.com.br\/16\/wp-json\/wp\/v2\/types\/page"}],"author":[{"embeddable":true,"href":"https:\/\/tubotech.com.br\/16\/wp-json\/wp\/v2\/users\/2"}],"replies":[{"embeddable":true,"href":"https:\/\/tubotech.com.br\/16\/wp-json\/wp\/v2\/comments?post=336"}],"version-history":[{"count":2,"href":"https:\/\/tubotech.com.br\/16\/wp-json\/wp\/v2\/pages\/336\/revisions"}],"predecessor-version":[{"id":3220,"href":"https:\/\/tubotech.com.br\/16\/wp-json\/wp\/v2\/pages\/336\/revisions\/3220"}],"wp:attachment":[{"href":"https:\/\/tubotech.com.br\/16\/wp-json\/wp\/v2\/media?parent=336"}],"curies":[{"name":"wp","href":"https:\/\/api.w.org\/{rel}","templated":true}]}}