{"id":291,"date":"2015-09-10T17:35:01","date_gmt":"2015-09-10T17:35:01","guid":{"rendered":"http:\/\/exposec.tmp.br\/16\/?page_id=291"},"modified":"2025-11-03T12:35:45","modified_gmt":"2025-11-03T12:35:45","slug":"quem-expoe","status":"publish","type":"page","link":"https:\/\/tubotech.com.br\/16\/quem-expoe\/","title":{"rendered":"Quem Exp\u00f5e"},"content":{"rendered":"\t\t<div data-elementor-type=\"wp-page\" data-elementor-id=\"291\" class=\"elementor elementor-291\">\n\t\t\t\t\t\t\t\t\t<section class=\"elementor-section elementor-top-section elementor-element elementor-element-c415a00 elementor-section-full_width elementor-section-stretched elementor-section-height-default elementor-section-height-default\" data-id=\"c415a00\" data-element_type=\"section\" data-settings=\"{&quot;stretch_section&quot;:&quot;section-stretched&quot;}\">\n\t\t\t\t\t\t<div class=\"elementor-container elementor-column-gap-no\">\n\t\t\t\t\t<div class=\"elementor-column elementor-col-100 elementor-top-column elementor-element elementor-element-f5c5ace\" data-id=\"f5c5ace\" data-element_type=\"column\">\n\t\t\t<div class=\"elementor-widget-wrap elementor-element-populated\">\n\t\t\t\t\t\t\t\t<div class=\"elementor-element elementor-element-e90bc3b elementor-widget elementor-widget-image\" data-id=\"e90bc3b\" data-element_type=\"widget\" data-widget_type=\"image.default\">\n\t\t\t\t<div class=\"elementor-widget-container\">\n\t\t\t\t\t\t\t\t\t\t\t\t\t\t\t<img width=\"1200\" height=\"220\" src=\"https:\/\/tubotech.com.br\/16\/wp-content\/uploads\/2015\/05\/img-reserve-seu-estande-tubotech.jpg\" class=\"attachment-full size-full wp-image-3182\" alt=\"\" loading=\"lazy\" srcset=\"https:\/\/tubotech.com.br\/16\/wp-content\/uploads\/2015\/05\/img-reserve-seu-estande-tubotech.jpg 1200w, https:\/\/tubotech.com.br\/16\/wp-content\/uploads\/2015\/05\/img-reserve-seu-estande-tubotech-320x59.jpg 320w, https:\/\/tubotech.com.br\/16\/wp-content\/uploads\/2015\/05\/img-reserve-seu-estande-tubotech-540x99.jpg 540w\" sizes=\"(max-width: 1200px) 100vw, 1200px\" \/>\t\t\t\t\t\t\t\t\t\t\t\t\t\t\t<\/div>\n\t\t\t\t<\/div>\n\t\t\t\t\t<\/div>\n\t\t<\/div>\n\t\t\t\t\t\t\t<\/div>\n\t\t<\/section>\n\t\t\t\t<section class=\"elementor-section elementor-top-section elementor-element elementor-element-304178c elementor-section-boxed elementor-section-height-default elementor-section-height-default\" data-id=\"304178c\" data-element_type=\"section\">\n\t\t\t\t\t\t<div class=\"elementor-container elementor-column-gap-default\">\n\t\t\t\t\t<div class=\"elementor-column elementor-col-100 elementor-top-column elementor-element elementor-element-1cc8c56\" data-id=\"1cc8c56\" data-element_type=\"column\">\n\t\t\t<div class=\"elementor-widget-wrap elementor-element-populated\">\n\t\t\t\t\t\t\t\t<div class=\"elementor-element elementor-element-9af6ff6 elementor-widget elementor-widget-heading\" data-id=\"9af6ff6\" data-element_type=\"widget\" data-widget_type=\"heading.default\">\n\t\t\t\t<div class=\"elementor-widget-container\">\n\t\t\t<h1 class=\"elementor-heading-title elementor-size-default\">Quem Exp\u00f5e na Tubotech 2027?<\/h1>\t\t<\/div>\n\t\t\t\t<\/div>\n\t\t\t\t<div class=\"elementor-element elementor-element-8a6bf2c elementor-widget elementor-widget-heading\" data-id=\"8a6bf2c\" data-element_type=\"widget\" data-widget_type=\"heading.default\">\n\t\t\t\t<div class=\"elementor-widget-container\">\n\t\t\t<h3 class=\"elementor-heading-title elementor-size-default\">Setores de Interesse:<\/h3>\t\t<\/div>\n\t\t\t\t<\/div>\n\t\t\t\t<section class=\"elementor-section elementor-inner-section elementor-element elementor-element-15188c3 elementor-section-boxed elementor-section-height-default elementor-section-height-default\" data-id=\"15188c3\" data-element_type=\"section\">\n\t\t\t\t\t\t<div class=\"elementor-container elementor-column-gap-default\">\n\t\t\t\t\t<div class=\"elementor-column elementor-col-50 elementor-inner-column elementor-element elementor-element-523f3d2\" data-id=\"523f3d2\" data-element_type=\"column\">\n\t\t\t<div class=\"elementor-widget-wrap elementor-element-populated\">\n\t\t\t\t\t\t\t\t<div class=\"elementor-element elementor-element-2e469bf elementor-widget elementor-widget-text-editor\" data-id=\"2e469bf\" data-element_type=\"widget\" data-widget_type=\"text-editor.default\">\n\t\t\t\t<div class=\"elementor-widget-container\">\n\t\t\t\t\t\t\t<ul><li>Bobinas\/Chapas de A\u00e7o<\/li><li>Tubos com e sem costura, em A\u00e7o Carbono, Liga, Ferro Fundido, Inox, Duplex, Especiais<\/li><li>Blanques\/Flanges<\/li><li>Barras e Perfis<\/li><li>Conex\u00f5es e Acess\u00f3rios Industriais<\/li><li>V\u00e1lvulas<\/li><li>Trefilados<\/li><li>Selos Mec\u00e2nicos<\/li><\/ul>\t\t\t\t\t\t<\/div>\n\t\t\t\t<\/div>\n\t\t\t\t\t<\/div>\n\t\t<\/div>\n\t\t\t\t<div class=\"elementor-column elementor-col-50 elementor-inner-column elementor-element elementor-element-39f1d80\" data-id=\"39f1d80\" data-element_type=\"column\">\n\t\t\t<div class=\"elementor-widget-wrap elementor-element-populated\">\n\t\t\t\t\t\t\t\t<div class=\"elementor-element elementor-element-0a054fc elementor-widget elementor-widget-text-editor\" data-id=\"0a054fc\" data-element_type=\"widget\" data-widget_type=\"text-editor.default\">\n\t\t\t\t<div class=\"elementor-widget-container\">\n\t\t\t\t\t\t\t<ul><li>Mangas\/Redutores<\/li><li>Acoplamentos<\/li><li>Bombas e Motobombas<\/li><li>Suportes de Tubula\u00e7\u00e3o<\/li><li>Juntas de expans\u00e3o met\u00e1licas, de borracha e diel\u00e9tricas<\/li><li>Telhas \u2013 Ondulada, Trapezoidal e Multidobras<\/li><li>Cintas de eleva\u00e7\u00e3o e de amarra\u00e7\u00e3o de cargas cintur\u00e3o para trabalho em altura<\/li><li>Outros<\/li><\/ul>\t\t\t\t\t\t<\/div>\n\t\t\t\t<\/div>\n\t\t\t\t\t<\/div>\n\t\t<\/div>\n\t\t\t\t\t\t\t<\/div>\n\t\t<\/section>\n\t\t\t\t\t<\/div>\n\t\t<\/div>\n\t\t\t\t\t\t\t<\/div>\n\t\t<\/section>\n\t\t\t\t<section class=\"elementor-section elementor-top-section elementor-element elementor-element-bbeb11b elementor-section-boxed elementor-section-height-default elementor-section-height-default\" data-id=\"bbeb11b\" data-element_type=\"section\" data-settings=\"{&quot;background_background&quot;:&quot;classic&quot;}\">\n\t\t\t\t\t\t<div class=\"elementor-container elementor-column-gap-default\">\n\t\t\t\t\t<div class=\"elementor-column elementor-col-33 elementor-top-column elementor-element elementor-element-6063bac\" data-id=\"6063bac\" data-element_type=\"column\" data-settings=\"{&quot;background_background&quot;:&quot;classic&quot;}\">\n\t\t\t<div class=\"elementor-widget-wrap elementor-element-populated\">\n\t\t\t\t\t\t\t\t<div class=\"elementor-element elementor-element-89b7e05 elementor-widget elementor-widget-image\" data-id=\"89b7e05\" data-element_type=\"widget\" data-widget_type=\"image.default\">\n\t\t\t\t<div class=\"elementor-widget-container\">\n\t\t\t\t\t\t\t\t\t\t\t\t\t\t\t<img width=\"124\" height=\"80\" src=\"https:\/\/tubotech.com.br\/16\/wp-content\/uploads\/2023\/03\/logo-setor-weld.png\" class=\"attachment-large size-large wp-image-9917\" alt=\"\" loading=\"lazy\" \/>\t\t\t\t\t\t\t\t\t\t\t\t\t\t\t<\/div>\n\t\t\t\t<\/div>\n\t\t\t\t<div class=\"elementor-element elementor-element-2a702a3 elementor-widget elementor-widget-heading\" data-id=\"2a702a3\" data-element_type=\"widget\" data-widget_type=\"heading.default\">\n\t\t\t\t<div class=\"elementor-widget-container\">\n\t\t\t<h2 class=\"elementor-heading-title elementor-size-default\">destaque para o setor de Weld<\/h2>\t\t<\/div>\n\t\t\t\t<\/div>\n\t\t\t\t<div class=\"elementor-element elementor-element-4afaa74 elementor-widget elementor-widget-text-editor\" data-id=\"4afaa74\" data-element_type=\"widget\" data-widget_type=\"text-editor.default\">\n\t\t\t\t<div class=\"elementor-widget-container\">\n\t\t\t\t\t\t\t<p>Com maior protagonismo nesta edi\u00e7\u00e3o, o setor de <strong>Weld (Solda)<\/strong> traz para a <strong>Tubotech 2027:<\/strong><\/p><p><strong> Fornecedores de equipamentos relacionados a tecnologias de soldagem como: <\/strong>Eletrodo Revestido (Arco Manual), MIG, MAG, TIG, etc.<\/p><p><strong>Prestadores de servi\u00e7os em manufatura utilizando <\/strong><strong>tecnologias de soldagem.<\/strong><\/p><h3>Perfil do Expositor<\/h3><ul><li style=\"text-align: left;\">Fabricantes nacionais e internacionais de equipamentos relacionados \u00e0 tecnologia de soldagem;<\/li><li style=\"text-align: left;\">Prestadores de servi\u00e7os em manufatura utilizando tecnologias de soldagem.<\/li><\/ul>\t\t\t\t\t\t<\/div>\n\t\t\t\t<\/div>\n\t\t\t\t\t<\/div>\n\t\t<\/div>\n\t\t\t\t<div class=\"elementor-column elementor-col-33 elementor-top-column elementor-element elementor-element-96d1a0f\" data-id=\"96d1a0f\" data-element_type=\"column\" data-settings=\"{&quot;background_background&quot;:&quot;classic&quot;}\">\n\t\t\t<div class=\"elementor-widget-wrap elementor-element-populated\">\n\t\t\t\t\t\t\t\t<div class=\"elementor-element elementor-element-e744855 elementor-widget elementor-widget-image\" data-id=\"e744855\" data-element_type=\"widget\" data-widget_type=\"image.default\">\n\t\t\t\t<div class=\"elementor-widget-container\">\n\t\t\t\t\t\t\t\t\t\t\t\t\t\t\t<img width=\"124\" height=\"80\" src=\"https:\/\/tubotech.com.br\/16\/wp-content\/uploads\/2023\/03\/logo-setor-laser.png\" class=\"attachment-large size-large wp-image-9916\" alt=\"\" loading=\"lazy\" \/>\t\t\t\t\t\t\t\t\t\t\t\t\t\t\t<\/div>\n\t\t\t\t<\/div>\n\t\t\t\t<div class=\"elementor-element elementor-element-6b89ed8 elementor-widget elementor-widget-heading\" data-id=\"6b89ed8\" data-element_type=\"widget\" data-widget_type=\"heading.default\">\n\t\t\t\t<div class=\"elementor-widget-container\">\n\t\t\t<h2 class=\"elementor-heading-title elementor-size-default\">destaque para o setor de Laser<\/h2>\t\t<\/div>\n\t\t\t\t<\/div>\n\t\t\t\t<div class=\"elementor-element elementor-element-de249a0 elementor-widget elementor-widget-text-editor\" data-id=\"de249a0\" data-element_type=\"widget\" data-widget_type=\"text-editor.default\">\n\t\t\t\t<div class=\"elementor-widget-container\">\n\t\t\t\t\t\t\t<p>Com maior protagonismo nesta edi\u00e7\u00e3o, o setor de <strong>Laser<\/strong>\u00a0traz para a <strong>Tubotech 2027:<\/strong><\/p><p><b>Fornecedores de equipamentos relacionados a tecnologias laser como:<\/b> Marca\u00e7\u00e3o, Grava\u00e7\u00e3o, Corte, Solda e Limpeza.<\/p><p><b>Prestadores de servi\u00e7os em manufatura utilizando tecnologias laser.<\/b><\/p><h3>Perfil do Expositor<\/h3><ul><li style=\"text-align: left;\">Fabricantes nacionais e internacionais de equipamentos relacionados \u00e0 tecnologia laser;<\/li><li style=\"text-align: left;\">Prestadores de servi\u00e7os em manufatura utilizando tecnologias laser.<\/li><\/ul>\t\t\t\t\t\t<\/div>\n\t\t\t\t<\/div>\n\t\t\t\t\t<\/div>\n\t\t<\/div>\n\t\t\t\t<div class=\"elementor-column elementor-col-33 elementor-top-column elementor-element elementor-element-f8a6d8a\" data-id=\"f8a6d8a\" data-element_type=\"column\" data-settings=\"{&quot;background_background&quot;:&quot;classic&quot;}\">\n\t\t\t<div class=\"elementor-widget-wrap elementor-element-populated\">\n\t\t\t\t\t\t\t\t<div class=\"elementor-element elementor-element-1bfd72f elementor-widget elementor-widget-image\" data-id=\"1bfd72f\" data-element_type=\"widget\" data-widget_type=\"image.default\">\n\t\t\t\t<div class=\"elementor-widget-container\">\n\t\t\t\t\t\t\t\t\t\t\t\t\t\t\t<img width=\"120\" height=\"77\" src=\"https:\/\/tubotech.com.br\/16\/wp-content\/uploads\/2023\/07\/steel-processing2.png\" class=\"attachment-large size-large wp-image-10368\" alt=\"\" loading=\"lazy\" \/>\t\t\t\t\t\t\t\t\t\t\t\t\t\t\t<\/div>\n\t\t\t\t<\/div>\n\t\t\t\t<div class=\"elementor-element elementor-element-c0429cd elementor-widget elementor-widget-heading\" data-id=\"c0429cd\" data-element_type=\"widget\" data-widget_type=\"heading.default\">\n\t\t\t\t<div class=\"elementor-widget-container\">\n\t\t\t<h2 class=\"elementor-heading-title elementor-size-default\">destaque para o setor de Stell Processing<\/h2>\t\t<\/div>\n\t\t\t\t<\/div>\n\t\t\t\t<div class=\"elementor-element elementor-element-9e02922 elementor-widget elementor-widget-text-editor\" data-id=\"9e02922\" data-element_type=\"widget\" data-widget_type=\"text-editor.default\">\n\t\t\t\t<div class=\"elementor-widget-container\">\n\t\t\t\t\t\t\t<p>Com maior protagonismo nesta edi\u00e7\u00e3o, o setor de <strong>Stell Processing<\/strong>\u00a0traz para a <strong>Tubotech 2027:<\/strong><\/p><p><b>Fornecedores de equipamentos relacionados a tecnologias laser como:<\/b> Marca\u00e7\u00e3o, Grava\u00e7\u00e3o, Corte, Solda e Limpeza.<\/p><p><b>Prestadores de servi\u00e7os em manufatura utilizando tecnologias Steel Processing.<\/b><\/p><h3>Perfil do Expositor<\/h3><ul><li style=\"text-align: left;\">Fabricantes nacionais e internacionais de equipamentos relacionados \u00e0 tecnologia laser;<\/li><li style=\"text-align: left;\">Prestadores de servi\u00e7os em manufatura utilizando tecnologias Steel Processing.<\/li><\/ul>\t\t\t\t\t\t<\/div>\n\t\t\t\t<\/div>\n\t\t\t\t\t<\/div>\n\t\t<\/div>\n\t\t\t\t\t\t\t<\/div>\n\t\t<\/section>\n\t\t\t\t<section class=\"elementor-section elementor-top-section elementor-element elementor-element-76dff7b elementor-hidden-desktop elementor-hidden-tablet elementor-hidden-mobile elementor-section-boxed elementor-section-height-default elementor-section-height-default\" data-id=\"76dff7b\" data-element_type=\"section\">\n\t\t\t\t\t\t<div class=\"elementor-container elementor-column-gap-default\">\n\t\t\t\t\t<div class=\"elementor-column elementor-col-100 elementor-top-column elementor-element elementor-element-b8eb873\" data-id=\"b8eb873\" data-element_type=\"column\">\n\t\t\t<div class=\"elementor-widget-wrap elementor-element-populated\">\n\t\t\t\t\t\t\t\t<div class=\"elementor-element elementor-element-a3ce841 elementor-widget elementor-widget-heading\" data-id=\"a3ce841\" data-element_type=\"widget\" data-widget_type=\"heading.default\">\n\t\t\t\t<div class=\"elementor-widget-container\">\n\t\t\t<h3 class=\"elementor-heading-title elementor-size-default\"><a href=\"https:\/\/tubotech.com.br\/16\/lista-de-expositores\/\">>> Confira a Lista dos Expositores<\/a><\/h3>\t\t<\/div>\n\t\t\t\t<\/div>\n\t\t\t\t<div class=\"elementor-element elementor-element-d6bbd5a elementor-widget elementor-widget-heading\" data-id=\"d6bbd5a\" data-element_type=\"widget\" data-widget_type=\"heading.default\">\n\t\t\t\t<div class=\"elementor-widget-container\">\n\t\t\t<h3 class=\"elementor-heading-title elementor-size-default\">Fa\u00e7a como as Principais Marcas do Setor!<\/h3>\t\t<\/div>\n\t\t\t\t<\/div>\n\t\t\t\t<div class=\"elementor-element elementor-element-a8065fb elementor-align-center elementor-widget elementor-widget-button\" data-id=\"a8065fb\" data-element_type=\"widget\" data-widget_type=\"button.default\">\n\t\t\t\t<div class=\"elementor-widget-container\">\n\t\t\t\t\t<div class=\"elementor-button-wrapper\">\n\t\t\t<a class=\"elementor-button elementor-button-link elementor-size-md\" href=\"https:\/\/tubotech.com.br\/16\/por-que-expor\/\">\n\t\t\t\t\t\t<span class=\"elementor-button-content-wrapper\">\n\t\t\t\t\t\t<span class=\"elementor-button-text\">Seja um Expositor<\/span>\n\t\t<\/span>\n\t\t\t\t\t<\/a>\n\t\t<\/div>\n\t\t\t\t<\/div>\n\t\t\t\t<\/div>\n\t\t\t\t\t<\/div>\n\t\t<\/div>\n\t\t\t\t\t\t\t<\/div>\n\t\t<\/section>\n\t\t\t\t\t\t\t<\/div>\n\t\t","protected":false},"excerpt":{"rendered":"<p>Quem Exp\u00f5e na Tubotech 2027? Setores de Interesse: Bobinas\/Chapas de A\u00e7o Tubos com e sem costura, em A\u00e7o Carbono, Liga, [&hellip;]<\/p>\n","protected":false},"author":2,"featured_media":0,"parent":0,"menu_order":0,"comment_status":"closed","ping_status":"closed","template":"","meta":[],"aioseo_notices":[],"_links":{"self":[{"href":"https:\/\/tubotech.com.br\/16\/wp-json\/wp\/v2\/pages\/291"}],"collection":[{"href":"https:\/\/tubotech.com.br\/16\/wp-json\/wp\/v2\/pages"}],"about":[{"href":"https:\/\/tubotech.com.br\/16\/wp-json\/wp\/v2\/types\/page"}],"author":[{"embeddable":true,"href":"https:\/\/tubotech.com.br\/16\/wp-json\/wp\/v2\/users\/2"}],"replies":[{"embeddable":true,"href":"https:\/\/tubotech.com.br\/16\/wp-json\/wp\/v2\/comments?post=291"}],"version-history":[{"count":57,"href":"https:\/\/tubotech.com.br\/16\/wp-json\/wp\/v2\/pages\/291\/revisions"}],"predecessor-version":[{"id":12188,"href":"https:\/\/tubotech.com.br\/16\/wp-json\/wp\/v2\/pages\/291\/revisions\/12188"}],"wp:attachment":[{"href":"https:\/\/tubotech.com.br\/16\/wp-json\/wp\/v2\/media?parent=291"}],"curies":[{"name":"wp","href":"https:\/\/api.w.org\/{rel}","templated":true}]}}