{"id":2662,"date":"2019-01-31T13:35:45","date_gmt":"2019-01-31T13:35:45","guid":{"rendered":"http:\/\/tubotech.com.br\/16\/?page_id=2662"},"modified":"2023-01-12T17:53:13","modified_gmt":"2023-01-12T17:53:13","slug":"como-publicar-meu-conteudo-no-aplicativo-fiera-milano-brasil","status":"publish","type":"page","link":"https:\/\/tubotech.com.br\/16\/como-publicar-meu-conteudo-no-aplicativo-fiera-milano-brasil\/","title":{"rendered":"Como publicar meu conte\u00fado no Aplicativo Fiera Milano Brasil"},"content":{"rendered":"<p><section id=\"bt_section69e00dcb75221\"  class=\"boldSection inherit\" ><div class=\"port\"><div class=\"boldCell\"><div class=\"boldCellInner\"><div class=\"boldRow \" ><div class=\"boldRowInner\"><div class=\"rowItem col-md-12 col-ms-12  btTextCenter inherit\"  ><div class=\"rowItemContent\" ><div class=\"bt_bb_separator_v2 bt_bb_border_style_none bt_bb_top_spacing_medium bt_bb_icon_size_normal bt_bb_text_size_normal bt_bb_separator_v2_without_content\" data-bt-override-class=\"null\"><div class=\"bt_bb_separator_v2_inner\"><span class=\"bt_bb_separator_v2_inner_before\"><\/span><span class=\"bt_bb_separator_v2_inner_content\"><span  data-ico-=\"\" class=\"bt_bb_icon_holder\"><\/span><\/span><span class=\"bt_bb_separator_v2_inner_after\"><\/span><\/div><\/div><header class=\"header btClear large btDash bottomDash  btNormalDash\" ><div class=\"dash\"><h2><span class=\"headline\">Aplicativo Fiera Milano Brasil <b class=\"animate\">Expositores<\/b><\/span><\/h2><\/div><\/header><div class=\"bt_bb_separator_v2 bt_bb_border_style_none bt_bb_top_spacing_small bt_bb_icon_size_normal bt_bb_text_size_normal bt_bb_separator_v2_without_content\" data-bt-override-class=\"null\"><div class=\"bt_bb_separator_v2_inner\"><span class=\"bt_bb_separator_v2_inner_before\"><\/span><span class=\"bt_bb_separator_v2_inner_content\"><span  data-ico-=\"\" class=\"bt_bb_icon_holder\"><\/span><\/span><span class=\"bt_bb_separator_v2_inner_after\"><\/span><\/div><\/div><header class=\"header btClear medium  btNormalDash\" ><div class=\"dash\"><h3><span class=\"headline\">Aproveite ao M\u00e1ximo: Conhecimento,<br \/><br>Relacionamentos e Conte\u00fado!<\/span><\/h3><\/div><\/header><div class=\"bt_bb_separator_v2 bt_bb_border_style_none bt_bb_top_spacing_small bt_bb_icon_size_normal bt_bb_text_size_normal bt_bb_separator_v2_without_content\" data-bt-override-class=\"null\"><div class=\"bt_bb_separator_v2_inner\"><span class=\"bt_bb_separator_v2_inner_before\"><\/span><span class=\"bt_bb_separator_v2_inner_content\"><span  data-ico-=\"\" class=\"bt_bb_icon_holder\"><\/span><\/span><span class=\"bt_bb_separator_v2_inner_after\"><\/span><\/div><\/div><\/div><\/div><\/div><\/div><\/div><\/div><\/div><\/section><section id=\"bt_section69e00dcb75673\"  class=\"boldSection gutter inherit\" style=\"font-size:17px;\"><div class=\"port\"><div class=\"boldCell\"><div class=\"boldCellInner\"><div class=\"boldRow \" ><div class=\"boldRowInner\"><div class=\"rowItem col-md-12 col-ms-12  btTextLeft inherit\"  ><div class=\"rowItemContent\" ><div class=\"btText\" ><\/p>\n<p>Este ano teremos a melhor experi\u00eancia em eventos do ano na Tubotech 2023!<\/p>\n<p>Para isso, trazemos uma grande novidade que vai fazer voc\u00ea aproveitar ao m\u00e1ximo do conhecimento e dos relacionamentos que o evento te proporciona, n\u00e3o apenas em 3 dias, mas o ano inteiro!<\/p>\n<p>Diferente dos aplicativos comuns de feiras, com o <strong>Aplicativo Fiera Milano Brasil<\/strong>, voc\u00ea vai saber de tudo que acontece no evento, al\u00e9m de poder capturar e colecionar todo conte\u00fado que quiser, desde apresenta\u00e7\u00f5es, palestras, cat\u00e1logos dos estantes e muito mais!<\/p>\n<p>\n<\/div><div class=\"bt_bb_separator_v2 bt_bb_border_style_none bt_bb_top_spacing_normal bt_bb_icon_size_normal bt_bb_text_size_normal bt_bb_separator_v2_without_content\" data-bt-override-class=\"null\"><div class=\"bt_bb_separator_v2_inner\"><span class=\"bt_bb_separator_v2_inner_before\"><\/span><span class=\"bt_bb_separator_v2_inner_content\"><span  data-ico-=\"\" class=\"bt_bb_icon_holder\"><\/span><\/span><span class=\"bt_bb_separator_v2_inner_after\"><\/span><\/div><\/div><div class=\"btText\" ><\/p>\n<p><strong>BAIXE AGORA MESMO:<\/strong><\/p>\n<p>\n<\/div><div class=\"bt_bb_separator_v2 bt_bb_border_style_none bt_bb_top_spacing_normal bt_bb_icon_size_normal bt_bb_text_size_normal bt_bb_separator_v2_without_content\" data-bt-override-class=\"null\"><div class=\"bt_bb_separator_v2_inner\"><span class=\"bt_bb_separator_v2_inner_before\"><\/span><span class=\"bt_bb_separator_v2_inner_content\"><span  data-ico-=\"\" class=\"bt_bb_icon_holder\"><\/span><\/span><span class=\"bt_bb_separator_v2_inner_after\"><\/span><\/div><\/div><\/div><\/div><\/div><\/div><div class=\"boldRow \" ><div class=\"boldRowInner\"><div class=\"rowItem col-md-6 col-sm-12 btTextCenter inherit\"  ><div class=\"rowItemContent\" ><div class=\"bt_bb_separator_v2 bt_bb_border_style_none bt_bb_top_spacing_normal bt_bb_icon_size_normal bt_bb_text_size_normal bt_bb_separator_v2_without_content\" data-bt-override-class=\"null\"><div class=\"bt_bb_separator_v2_inner\"><span class=\"bt_bb_separator_v2_inner_before\"><\/span><span class=\"bt_bb_separator_v2_inner_content\"><span  data-ico-=\"\" class=\"bt_bb_icon_holder\"><\/span><\/span><span class=\"bt_bb_separator_v2_inner_after\"><\/span><\/div><\/div><div  class=\"bt_bb_text\" ><\/p>\n<p><a href=\"https:\/\/play.google.com\/store\/apps\/details?id=br.com.fieramilano.app\" target=\"_blank\" rel=\"noopener noreferrer\"><img loading=\"lazy\" class=\"alignnone size-full wp-image-48992 aligncenter\" src=\"https:\/\/fesqua.com.br\/wp-content\/uploads\/2018\/08\/botao-google-play.png\" alt=\"botao-google-play\" width=\"216\" height=\"64\" \/><\/a><\/p>\n<p>\n<\/div><div class=\"bt_bb_separator_v2 bt_bb_border_style_none bt_bb_top_spacing_normal bt_bb_icon_size_normal bt_bb_text_size_normal bt_bb_separator_v2_without_content\" data-bt-override-class=\"null\"><div class=\"bt_bb_separator_v2_inner\"><span class=\"bt_bb_separator_v2_inner_before\"><\/span><span class=\"bt_bb_separator_v2_inner_content\"><span  data-ico-=\"\" class=\"bt_bb_icon_holder\"><\/span><\/span><span class=\"bt_bb_separator_v2_inner_after\"><\/span><\/div><\/div><\/div><\/div><div class=\"rowItem col-md-6 col-sm-12 btTextCenter inherit\"  ><div class=\"rowItemContent\" ><div class=\"bt_bb_separator_v2 bt_bb_border_style_none bt_bb_top_spacing_normal bt_bb_icon_size_normal bt_bb_text_size_normal bt_bb_separator_v2_without_content\" data-bt-override-class=\"null\"><div class=\"bt_bb_separator_v2_inner\"><span class=\"bt_bb_separator_v2_inner_before\"><\/span><span class=\"bt_bb_separator_v2_inner_content\"><span  data-ico-=\"\" class=\"bt_bb_icon_holder\"><\/span><\/span><span class=\"bt_bb_separator_v2_inner_after\"><\/span><\/div><\/div><div  class=\"bt_bb_text\" ><\/p>\n<p><a href=\"https:\/\/itunes.apple.com\/us\/app\/cipa-fiera-milano\/id1355509119?mt=8&amp;ign-mpt=uo=2\" target=\"_blank\" rel=\"noopener noreferrer\"><img loading=\"lazy\" class=\"alignnone size-full wp-image-48991 aligncenter\" src=\"https:\/\/fesqua.com.br\/wp-content\/uploads\/2018\/08\/botao-apple-store.png\" alt=\"botao-apple-store\" width=\"218\" height=\"64\" \/><\/a><\/p>\n<p>\n<\/div><div class=\"bt_bb_separator_v2 bt_bb_border_style_none bt_bb_top_spacing_normal bt_bb_icon_size_normal bt_bb_text_size_normal bt_bb_separator_v2_without_content\" data-bt-override-class=\"null\"><div class=\"bt_bb_separator_v2_inner\"><span class=\"bt_bb_separator_v2_inner_before\"><\/span><span class=\"bt_bb_separator_v2_inner_content\"><span  data-ico-=\"\" class=\"bt_bb_icon_holder\"><\/span><\/span><span class=\"bt_bb_separator_v2_inner_after\"><\/span><\/div><\/div><\/div><\/div><\/div><\/div><\/div><\/div><\/div><\/section><section id=\"bt_section69e00dcb75f01\"  class=\"boldSection gutter inherit\" style=\"font-size:17px;\"><div class=\"port\"><div class=\"boldCell\"><div class=\"boldCellInner\"><div class=\"boldRow \" ><div class=\"boldRowInner\"><div class=\"rowItem col-md-12 col-ms-12  btTextLeft inherit\"  ><div class=\"rowItemContent\" ><div class=\"bt_bb_separator_v2 bt_bb_border_style_none bt_bb_top_spacing_normal bt_bb_icon_size_normal bt_bb_text_size_normal bt_bb_separator_v2_without_content\" data-bt-override-class=\"null\"><div class=\"bt_bb_separator_v2_inner\"><span class=\"bt_bb_separator_v2_inner_before\"><\/span><span class=\"bt_bb_separator_v2_inner_content\"><span  data-ico-=\"\" class=\"bt_bb_icon_holder\"><\/span><\/span><span class=\"bt_bb_separator_v2_inner_after\"><\/span><\/div><\/div><div class=\"btText\" ><\/p>\n<p><strong>Como publicar meu conte\u00fado no Aplicativo Fiera Milano Brasil<\/strong><\/p>\n<p>A Fiera Milano Brasil est\u00e1 disponibilizando, gratuitamente, para todos os expositores da Tubotech 2022 um login e senha de acesso para cadastrar seu conte\u00fado em nosso novo aplicativo.<\/p>\n<p>\n<\/div><div class=\"bt_bb_separator_v2 bt_bb_border_style_none bt_bb_top_spacing_normal bt_bb_icon_size_normal bt_bb_text_size_normal bt_bb_separator_v2_without_content\" data-bt-override-class=\"null\"><div class=\"bt_bb_separator_v2_inner\"><span class=\"bt_bb_separator_v2_inner_before\"><\/span><span class=\"bt_bb_separator_v2_inner_content\"><span  data-ico-=\"\" class=\"bt_bb_icon_holder\"><\/span><\/span><span class=\"bt_bb_separator_v2_inner_after\"><\/span><\/div><\/div><\/div><\/div><\/div><\/div><div class=\"boldRow \" ><div class=\"boldRowInner\"><div class=\"rowItem col-md-3 col-sm-6 col-ms-12 btTextCenter inherit\"  ><div class=\"rowItemContent\" ><\/div><\/div><div class=\"rowItem col-md-6 col-sm-12 btTextCenter inherit\"  ><div class=\"rowItemContent\" ><div class=\"bt_bb_separator_v2 bt_bb_border_style_none bt_bb_top_spacing_normal bt_bb_icon_size_normal bt_bb_text_size_normal bt_bb_separator_v2_without_content\" data-bt-override-class=\"null\"><div class=\"bt_bb_separator_v2_inner\"><span class=\"bt_bb_separator_v2_inner_before\"><\/span><span class=\"bt_bb_separator_v2_inner_content\"><span  data-ico-=\"\" class=\"bt_bb_icon_holder\"><\/span><\/span><span class=\"bt_bb_separator_v2_inner_after\"><\/span><\/div><\/div><div class=\"btText\" ><\/p>\n<p><iframe loading=\"lazy\" src=\"https:\/\/www.youtube.com\/embed\/b0TOcQnlbdU\" width=\"560\" height=\"315\" frameborder=\"0\" allowfullscreen=\"allowfullscreen\" data-mce-fragment=\"1\"><\/iframe><\/p>\n<p>\n<\/div><div class=\"bt_bb_separator_v2 bt_bb_border_style_none bt_bb_top_spacing_normal bt_bb_icon_size_normal bt_bb_text_size_normal bt_bb_separator_v2_without_content\" data-bt-override-class=\"null\"><div class=\"bt_bb_separator_v2_inner\"><span class=\"bt_bb_separator_v2_inner_before\"><\/span><span class=\"bt_bb_separator_v2_inner_content\"><span  data-ico-=\"\" class=\"bt_bb_icon_holder\"><\/span><\/span><span class=\"bt_bb_separator_v2_inner_after\"><\/span><\/div><\/div><\/div><\/div><div class=\"rowItem col-md-3 col-sm-6 col-ms-12 btTextCenter inherit\"  ><div class=\"rowItemContent\" ><\/div><\/div><\/div><\/div><div class=\"boldRow \" ><div class=\"boldRowInner\"><div class=\"rowItem col-md-12 col-ms-12  btTextLeft inherit\"  ><div class=\"rowItemContent\" ><div class=\"bt_bb_separator_v2 bt_bb_border_style_none bt_bb_top_spacing_normal bt_bb_icon_size_normal bt_bb_text_size_normal bt_bb_separator_v2_without_content\" data-bt-override-class=\"null\"><div class=\"bt_bb_separator_v2_inner\"><span class=\"bt_bb_separator_v2_inner_before\"><\/span><span class=\"bt_bb_separator_v2_inner_content\"><span  data-ico-=\"\" class=\"bt_bb_icon_holder\"><\/span><\/span><span class=\"bt_bb_separator_v2_inner_after\"><\/span><\/div><\/div><div class=\"btText\" ><\/p>\n<p>A ferramenta vai abrir um novo canal de comunica\u00e7\u00e3o entre o expositor e os visitantes da feira, permitindo que seja\u00a0colecionado\u00a0os conte\u00fados de cada\u00a0expositor e armazenado diretamente no celular do usu\u00e1rio. Voc\u00ea poder\u00e1 disponibilizar o conte\u00fado em formato PDF com at\u00e9 5 MB, sendo cat\u00e1logo de produtos, flyer promocional, conte\u00fado informativo e etc.<\/p>\n<p>Al\u00e9m disso o aplicativo ir\u00e1 notificar todos os usu\u00e1rios que baixaram seu conte\u00fado toda vez que ele for atualizado, uma forma de mant\u00ea-lo atualizado o ano inteiro sobre as novidades da sua empresa.<\/p>\n<p><strong>\u00c9 de grande import\u00e2ncia para sua empresa e para o evento que o seu conte\u00fado esteja dispon\u00edvel para download.<\/strong><\/p>\n<p><strong>\u00c9 f\u00e1cil publicar\u00a0o conte\u00fado da sua empresa no aplicativo Fiera Milano Brasil.<\/strong><\/p>\n<p>Em apenas seis passos e em menos de um minuto ele ser\u00e1 criado!<\/p>\n<ul>\n<li>Abra o navegador de sua prefer\u00eancia e acesse <strong><a href=\"http:\/\/www.midiacode.com\/\" target=\"_blank\" rel=\"noopener noreferrer\">www.midiacode.com<\/a><\/strong>;<\/li>\n<li>Entre com o\u00a0login e senha enviado;<\/li>\n<li>Clique no bot\u00e3o Crie um novo Midiacode que se encontra a esquerda da tela.<\/li>\n<\/ul>\n<p>Agora veja os seis passos para criar e publicar seu conte\u00fado.<\/p>\n<p><strong>Passo 1<\/strong><\/p>\n<p>D\u00ea um t\u00edtulo para o seu conte\u00fado. Lembre-se que este t\u00edtulo deve ser pequeno e ter a ver com seu conte\u00fado. \u00c9 o que vai aparecer no celular das pessoas. Depois do t\u00edtulo criado, clique em \u201cPr\u00f3ximo passo\u201d.<\/p>\n<p><strong>Passo 2<\/strong><\/p>\n<p>Selecione a\u00a0categoria para o seu Conte\u00fado. Voc\u00ea vai encontrar v\u00e1rias op\u00e7\u00f5es clicando na seta para baixo. Escolha a que tem a ver ou a que mais se aproxima de seu conte\u00fado. Esta categoria \u00e9 importante, porque na hora que o usu\u00e1rio final for capturar o conte\u00fado, ele j\u00e1 vai ficar organizado dentro dessas categorias e, com isso, vai facilitar a busca. Por exemplo, o conte\u00fado que voc\u00ea est\u00e1 publicando \u00e9 referente a um flyer que vai promover a venda de seus neg\u00f3cios, portanto, a categoria que voc\u00ea vai escolher \u00e9 a promocional. Ap\u00f3s isso, clique em \u201cPr\u00f3ximo passo\u201d.<\/p>\n<p><strong>Passo 3<\/strong><\/p>\n<p>O terceiro passo \u00e9 colocar os links para seu conte\u00fado. Este link \u00e9 o \u00fanico opcional. Temos 3 links. O primeiro do <strong>e-commerce (vendas pela internet)<\/strong>, depois o link do seu <strong>website<\/strong>e o terceiro o link de uma <strong>url de v\u00eddeo<\/strong>.<\/p>\n<p><img loading=\"lazy\" class=\" size-full wp-image-48999 aligncenter\" src=\"https:\/\/fesqua.com.br\/wp-content\/uploads\/2018\/08\/links-aplicativo-540x100.png\" alt=\"links-aplicativo-540x100\" width=\"540\" height=\"100\" \/><\/p>\n<p>Caso queira colocar apenas um link, s\u00f3 vai aparecer esse link para o usu\u00e1rio final. Se n\u00e3o tiver nenhum, sem problema, v\u00e1 para o passo quatro clicando em \u201cPr\u00f3ximo passo\u201d.<\/p>\n<p><strong>Passo 4<\/strong><\/p>\n<p>Clicando no bot\u00e3o \u201cBaixe seu Midiacode\u201d, v\u00e3o aparecer dois c\u00f3digos, um no formato SVG (ideal para desenhos e mapas. \u00c9 um arquivo baseado em texto e descreve as imagens com formatos vetoriais.<\/p>\n<p>\u00c9 capaz de comprimir ainda mais os arquivos, sem perda nenhuma de qualidade, mesmo ao redimensionar as imagens) e outro em PNG (Portable Network Graphic, consegue lidar com transpar\u00eancias de forma competente. Ele suporta de 24 a 32 bits por pixel, alcan\u00e7ando um desempenho visual bastante parecido com o JPG). Clicando em cima da imagem com o bot\u00e3o da direita do mouse (Windows) ou Control + Clique (Mac) copie a imagem e em seguida feche a janela. Depois cole-a no conte\u00fado que estiver fazendo, seja ele em Photoshop, Ilustrator, Corel, Word, Excel etc.<\/p>\n<p><strong>Observa\u00e7\u00f5es importantes:<\/strong><\/p>\n<ul>\n<li>O tamanho m\u00ednimo do Midiacode \u00e9 2,0 x 2,0 cent\u00edmetros.<\/li>\n<li>Sempre que colocar o Midiacode em sua arte, deixe um espa\u00e7o reservado e crie um texto convidando a pessoa a baixar e utilizar o conte\u00fado, pois assim ele ficar\u00e1 armazenado no smartphone dela.<\/li>\n<\/ul>\n<p>Por exemplo: baixe o conte\u00fado, capture, guarde e compartilhe este flyer com quem quiser. Veja exemplo:<\/p>\n<p><img loading=\"lazy\" class=\" size-full wp-image-48994 aligncenter\" src=\"https:\/\/fesqua.com.br\/wp-content\/uploads\/2018\/08\/exemplo-flyer-midiacode.png\" alt=\"exemplo-flyer-midiacode\" width=\"711\" height=\"430\" \/><\/p>\n<p>&#8211; Ao finalizar sua arte, salve-a como PDF, que \u00e9 o \u00fanico formato lido pelo App Fiera Milano Brasil, por enquanto. Feito isso, clique em \u201cPr\u00f3ximo passo\u201d.<\/p>\n<p><strong>Passo 5<\/strong><\/p>\n<p>Selecione o arquivo que voc\u00ea criou em PDF, espere um momento para que ele seja baixado para o servidor. Upload feito, crie em \u201cPr\u00f3ximo passo\u201d.<\/p>\n<p><strong>Passo 6<\/strong><\/p>\n<p>Clique no bot\u00e3o verde \u201cSalve e publique seu Conte\u00fado\u201d. Caso ainda n\u00e3o queira publicar seu Midiacode, clique no bot\u00e3o verde \u201cSalvar\u201d.<\/p>\n<p>Pronto, seu Conte\u00fado\u00a0est\u00e1 publicado.<\/p>\n<p>Voc\u00ea receber\u00e1 a seguinte mensagem: \u201cBoas noticias! Seu Conte\u00fado\u00a0(t\u00edtulo que voc\u00ea deu) j\u00e1 est\u00e1 publicado\u201d.<\/p>\n<p>Depois para ver ou editar, basta clicar no bot\u00e3o ao lado esquerdo da tela \u201cCriados\u201d. Voc\u00ea pode editar mesmo se seu j\u00e1 estiver publicado. Por fim, quando a pessoa escanear aquele c\u00f3digo que acabou de criar, ela vai capturar todo o conte\u00fado do impresso para o smartphone, bem como as informa\u00e7\u00f5es adicionais que voc\u00ea colocou.<\/p>\n<p>E mais, poder\u00e1 compartilh\u00e1-las via whatsapp, facebook, LinkedIn e outros, por exemplo, com quem quiser.<\/p>\n<p><img loading=\"lazy\" class=\" size-full wp-image-48993 aligncenter\" src=\"https:\/\/fesqua.com.br\/wp-content\/uploads\/2018\/08\/compartilhe-nas-redes-sociais.png\" alt=\"compartilhe-nas-redes-sociais\" width=\"471\" height=\"79\" \/><\/p>\n<p>Pronto, voc\u00ea viu o quanto \u00e9 r\u00e1pido e f\u00e1cil criar seu conte\u00fado.<\/p>\n<p>Agora aproveite essa tecnologia e compartilhe seus \u00f3timos conte\u00fados e produtos com milh\u00f5es de pessoas.<\/p>\n<p>Sucesso \u00e9 o que desejamos a voc\u00ea!<\/p>\n<h3>Conte\u00fado Mobile Friendly Design<\/h3>\n<p><strong>Mobile friendly<\/strong>s\u00e3o conte\u00fados\u00a0adaptados para\u00a0dispositivos m\u00f3veis, eles podem ser acessados de maneira amig\u00e1vel em celulares, tablets e qualquer outro dispositivo.<\/p>\n<p>Para uma melhor experi\u00eancia do usu\u00e1rio voc\u00ea pode transformar seu conte\u00fado para se adaptar aos dispositivos m\u00f3veis. Para isso, baixe um dos modelos abaixo, com ele voc\u00ea ter\u00e1 os tamanhos certos para montar o seu conte\u00fado.<\/p>\n<p>\n<\/div><div class=\"bt_bb_separator_v2 bt_bb_border_style_none bt_bb_top_spacing_normal bt_bb_icon_size_normal bt_bb_text_size_normal bt_bb_separator_v2_without_content\" data-bt-override-class=\"null\"><div class=\"bt_bb_separator_v2_inner\"><span class=\"bt_bb_separator_v2_inner_before\"><\/span><span class=\"bt_bb_separator_v2_inner_content\"><span  data-ico-=\"\" class=\"bt_bb_icon_holder\"><\/span><\/span><span class=\"bt_bb_separator_v2_inner_after\"><\/span><\/div><\/div><\/div><\/div><\/div><\/div><div class=\"boldRow \" ><div class=\"boldRowInner\"><div class=\"rowItem col-md-3 col-sm-6 col-ms-12 btTextCenter inherit\"  ><div class=\"rowItemContent\" ><\/div><\/div><div class=\"rowItem col-md-6 col-sm-12 btTextLeft\"  ><div class=\"rowItemContent\" ><div class=\"bt_bb_separator_v2 bt_bb_border_style_none bt_bb_top_spacing_normal bt_bb_icon_size_normal bt_bb_text_size_normal bt_bb_separator_v2_without_content\" data-bt-override-class=\"null\"><div class=\"bt_bb_separator_v2_inner\"><span class=\"bt_bb_separator_v2_inner_before\"><\/span><span class=\"bt_bb_separator_v2_inner_content\"><span  data-ico-=\"\" class=\"bt_bb_icon_holder\"><\/span><\/span><span class=\"bt_bb_separator_v2_inner_after\"><\/span><\/div><\/div><div class=\"btText\" ><\/p>\n<p><img loading=\"lazy\" class=\"alignnone wp-image-48995\" src=\"https:\/\/fesqua.com.br\/wp-content\/uploads\/2018\/08\/logo-adobe-illustrator.png\" alt=\"logo-adobe-illustrator\" width=\"40\" height=\"40\" \/>\u00a0\u00a0\u00a0<strong><a href=\"http:\/\/exposec.tmp.br\/download\/aplicativo\/modelo_conteudo_capa.ai\" target=\"_blank\" rel=\"noopener noreferrer\">Baixar\u00a0modelo para o Adobe Illustrator<\/a><\/strong><\/p>\n<p><img loading=\"lazy\" class=\"alignnone wp-image-48996\" src=\"https:\/\/fesqua.com.br\/wp-content\/uploads\/2018\/08\/logo-adobe-indesign.png\" alt=\"logo-adobe-indesign\" width=\"40\" height=\"40\" \/>\u00a0 \u00a0<strong><a href=\"http:\/\/exposec.tmp.br\/download\/aplicativo\/modelo_conteudo_capa.indd\" target=\"_blank\" rel=\"noopener noreferrer\">Baixa\u00a0modelo para o Adobe\u00a0InDesign<\/a><\/strong><\/p>\n<p><img loading=\"lazy\" class=\"alignnone wp-image-48997\" src=\"https:\/\/fesqua.com.br\/wp-content\/uploads\/2018\/08\/logo-microsoft-powerpoint.png\" alt=\"logo-microsoft-powerpoint\" width=\"40\" height=\"40\" \/>\u00a0 \u00a0<strong><a href=\"http:\/\/exposec.tmp.br\/download\/aplicativo\/modelo_conteudo_capa.indd\" target=\"_blank\" rel=\"noopener noreferrer\">Baixar modelo para o Microsoft PowerPoint<\/a><\/strong><\/p>\n<p><img loading=\"lazy\" class=\"alignnone wp-image-48998\" src=\"https:\/\/fesqua.com.br\/wp-content\/uploads\/2018\/08\/logo-microsoft-word.png\" alt=\"logo-microsoft-word\" width=\"40\" height=\"40\" \/>\u00a0 \u00a0<strong><a href=\"http:\/\/exposec.tmp.br\/download\/aplicativo\/modelo_conteudo_capa.indd\" target=\"_blank\" rel=\"noopener noreferrer\">Baixar modelo para o Microsoft Word<\/a><\/strong><\/p>\n<p>\n<\/div><div class=\"bt_bb_separator_v2 bt_bb_border_style_none bt_bb_top_spacing_normal bt_bb_icon_size_normal bt_bb_text_size_normal bt_bb_separator_v2_without_content\" data-bt-override-class=\"null\"><div class=\"bt_bb_separator_v2_inner\"><span class=\"bt_bb_separator_v2_inner_before\"><\/span><span class=\"bt_bb_separator_v2_inner_content\"><span  data-ico-=\"\" class=\"bt_bb_icon_holder\"><\/span><\/span><span class=\"bt_bb_separator_v2_inner_after\"><\/span><\/div><\/div><\/div><\/div><div class=\"rowItem col-md-3 col-sm-6 col-ms-12 btTextCenter inherit\"  ><div class=\"rowItemContent\" ><\/div><\/div><\/div><\/div><\/div><\/div><\/div><\/section><\/p>\n","protected":false},"excerpt":{"rendered":"","protected":false},"author":2,"featured_media":0,"parent":0,"menu_order":0,"comment_status":"closed","ping_status":"closed","template":"","meta":[],"aioseo_notices":[],"_links":{"self":[{"href":"https:\/\/tubotech.com.br\/16\/wp-json\/wp\/v2\/pages\/2662"}],"collection":[{"href":"https:\/\/tubotech.com.br\/16\/wp-json\/wp\/v2\/pages"}],"about":[{"href":"https:\/\/tubotech.com.br\/16\/wp-json\/wp\/v2\/types\/page"}],"author":[{"embeddable":true,"href":"https:\/\/tubotech.com.br\/16\/wp-json\/wp\/v2\/users\/2"}],"replies":[{"embeddable":true,"href":"https:\/\/tubotech.com.br\/16\/wp-json\/wp\/v2\/comments?post=2662"}],"version-history":[{"count":10,"href":"https:\/\/tubotech.com.br\/16\/wp-json\/wp\/v2\/pages\/2662\/revisions"}],"predecessor-version":[{"id":9861,"href":"https:\/\/tubotech.com.br\/16\/wp-json\/wp\/v2\/pages\/2662\/revisions\/9861"}],"wp:attachment":[{"href":"https:\/\/tubotech.com.br\/16\/wp-json\/wp\/v2\/media?parent=2662"}],"curies":[{"name":"wp","href":"https:\/\/api.w.org\/{rel}","templated":true}]}}